400 is divided by 13.
2
Calculate the remainder when 4534669 is divided by 1133655.
49
Calculate the remainder when 245309 is divided by 9746.
1659
Calculate the remainder when 1434577311 is divided by 2416.
2415
Calculate the remainder when 1978906 is divided by 34717.
37
What is the remainder when 11790644 is divided by 265?
264
What is the remainder when 23263 is divided by 4645?
38
Calculate the remainder when 1248272 is divided by 19202.
142
What is the remainder when 1294860 is divided by 230?
190
What is the remainder when 29907 is divided by 7396?
323
Calculate the remainder when 6921738 is divided by 988815.
33
What is the remainder when 10141836 is divided by 109052?
0
What is the remainder when 24749659 is divided by 2474965?
9
Calculate the remainder when 127660797 is divided by 2400.
2397
What is the remainder when 959534 is divided by 53307?
8
Calculate the remainder when 161952 is divided by 850.
452
What is the remainder when 254244 is divided by 235?
209
Calculate the remainder when 32678524 is divided by 93.
91
Calculate the remainder when 35789 is divided by 3162.
1007
Calculate the remainder when 16757655 is divided by 19.
16
Calculate the remainder when 45024029 is divided by 35.
29
What is the remainder when 268563 is divided by 29838?
21
Calculate the remainder when 6263437 is divided by 758.
83
What is the remainder when 17549 is divided by 957?
323
What is the remainder when 44015 is divided by 10488?
2063
Calculate the remainder when 101690 is divided by 16619.
1976
Calculate the remainder when 20309404 is divided by 923153.
38
What is the remainder when 581432 is divided by 156?
20
What is the remainder when 177831 is divided by 22222?
55
Calculate the remainder when 252373 is divided by 5258.
5247
Calculate the remainder when 7300262 is divided by 1.
0
Calculate the remainder when 6409381 is divided by 480.
421
What is the remainder when 827540 is divided by 42?
14
What is the remainder when 8880618 is divided by 1149?
1146
What is the remainder when 23780071 is divided by 513?
469
What is the remainder when 868229997 is divided by 375?
372
Calculate the remainder when 987211 is divided by 5779.
4781
What is the remainder when 489429 is divided by 11120?
149
Calculate the remainder when 455410 is divided by 7989.
37
What is the remainder when 141432 is divided by 20095?
767
Calculate the remainder when 93836 is divided by 2234.
8
Calculate the remainder when 73193 is divided by 1204.
953
Calculate the remainder when 10069992 is divided by 1267.
1143
Calculate the remainder when 60449481 is divided by 10237.
10233
Calculate the remainder when 5160111 is divided by 2580048.
15
What is the remainder when 163506 is divided by 5627?
323
What is the remainder when 3439 is divided by 471?
142
What is the remainder when 607482 is divided by 10295?
77
What is the remainder when 20060700 is divided by 909?
888
What is the remainder when 473592 is divided by 473581?
11
Calculate the remainder when 8296 is divided by 1271.
670
What is the remainder when 1541929 is divided by 6293?
144
What is the remainder when 11003084 is divided by 366?
26
What is the remainder when 346796 is divided by 448?
44
Calculate the remainder when 8958452 is divided by 54.
14
What is the remainder when 21399105 is divided by 34?
15
What is the remainder when 1583563 is divided by 63320?
563
Calculate the remainder when 14550480 is divided by 83.
82
What is the remainder when 334314 is divided by 1275?
264
Calculate the remainder when 129278 is divided by 1311.
800
Calculate the remainder when 91686246 is divided by 5908.
5902
Calculate the remainder when 4514563 is divided by 1574.
331
Calculate the remainder when 2744401 is divided by 874.
41
Calculate the remainder when 98996336 is divided by 233.
228
Calculate the remainder when 13981 is divided by 13165.
816
Calculate the remainder when 5965889 is divided by 108.
77
Calculate the remainder when 105883 is divided by 52847.
189
Calculate the remainder when 97610 is divided by 7478.
396
What is the remainder when 35217 is divided by 11641?
294
What is the remainder when 342421 is divided by 3833?
1284
What is the remainder when 2668622 is divided by 11119?
62
What is the remainder when 84089 is divided by 40748?
2593
What is the remainder when 3044994 is divided by 385?
29
What is the remainder when 4217 is divided by 4217?
0
Calculate the remainder when 1336 is divided by 1241.
95
Calculate the remainder when 64237 is divided by 21302.
331
Calculate the remainder when 1438215 is divided by 1291.
41
Calculate the remainder when 5612142 is divided by 9448.
30
What is the remainder when 4291154 is divided by 2571?
155
Calculate the remainder when 46166 is divided by 3085.
2976
What is the remainder when 24133 is divided by 4389?
2188
Calculate the remainder when 1080722 is divided by 67543.
34
What is the remainder when 21148 is divided by 11?
6
What is the remainder when 81086920 is divided by 1715?
5
What is the remainder when 100032 is divided by 33100?
732
What is the remainder when 34626 is divided by 6514?
2056
Calculate the remainder when 3580846 is divided by 54.
52
Calculate the remainder when 4504743 is divided by 469.
467
What is the remainder when 9542837 is divided by 102611?
14
Calculate the remainder when 11098777 is divided by 11098773.
4
What is the remainder when 38421640 is divided by 7?
5
Calculate the remainder when 11735 is divided by 213.
20
What is the remainder when 111615497 is divided by 62?
59
What is the remainder when 47581 is divided by 15799?
184
Calculate the remainder when 17680641 is divided by 1072.
145
What is the remainder when 92454 is divided by 3758?
2262
Calculate the remainder when 51483792 is divided by 182.
178
Calculate the remainder when 20744541 is divided by 16.
13
Calculate the remainder when 949152 is divided by 105444.
156
What is the remainder when 46070 is divided by 42982?
3088
Calculate the remainder when 1715086 is divided by 3555.
1576
Calculate the remainder when 856966 is divided by 428311.
344
Calculate the remainder when 134353631 is divided by 1369.
1340
Calculate the remainder when 891969 is divided by 13104.
897
Calculate the remainder when 181863 is divided by 90170.
1523
Calculate the remainder when 718782 is divided by 7725.
357
Calculate the remainder when 10515 is divided by 23.
4
What is the remainder when 14999104 is divided by 2885?
2874
What is the remainder when 4081538 is divided by 40814?
138
What is the remainder when 2004721 is divided by 330?
301
What is the remainder when 1030794 is divided by 343574?
72
Calculate the remainder when 75789896 is divided by 11.
6
What is the remainder when 116811 is divided by 400?
11
Calculate the remainder when 308347 is divided by 267.
229
Calculate the remainder when 6600547 is divided by 226.
217
Calculate the remainder when 2814675 is divided by 216507.
84
What is the remainder when 43122788 is divided by 61?
58
Calculate the remainder when 3055508 is divided by 39.
14
Calculate the remainder when 2788269 is divided by 2119.
1784
What is the remainder when 199549 is divided by 1345?
489
What is the remainder when 454042 is divided by 443?
410
Calculate the remainder when 346328 is divided by 180.
8
What is the remainder when 2818783 is divided by 352347?
7
Calculate the remainder when 10336779 is divided by 1722796.
3
What is the remainder when 12606868 is divided by 1400763?
1
Calculate the remainder when 189302 is divided by 3940.
182
Calculate the remainder when 624793 is divided by 124939.
98
What is the remainder when 514474 is divided by 171485?
19
Calculate the remainder when 1503878 is divided by 328.
326
Calculate the remainder when 11536 is divided by 402.
280
What is the remainder when 2411507 is divided by 699?
656
What is the remainder when 8248 is divided by 2193?
1669
Calculate the remainder when 4114805 is divided by 225.
5
Calculate the remainder when 3110871 is divided by 113.
94
What is the remainder when 483876 is divided by 7560?
36
Calculate the remainder when 9207772 is divided by 8077.
8069
What is the remainder when 1093372 is divided by 7146?
34
Calculate the remainder when 770714 is divided by 30.
14
Calculate the remainder when 52957849 is divided by 1